{"id":43055,"date":"2019-03-04T02:50:19","date_gmt":"2019-03-04T02:50:19","guid":{"rendered":"https:\/\/scoutrencontre.be\/?page_id=9"},"modified":"2020-07-27T14:08:12","modified_gmt":"2020-07-27T12:08:12","slug":"site-rencontre-top-10-belgique","status":"publish","type":"page","link":"https:\/\/datingexpert.eu\/frbe\/","title":{"rendered":"Site Rencontre Top 10 Belgique"},"content":{"rendered":"<h2>Site Rencontre Top 10 en Belgique<\/h2>\n<h6>Les meilleurs Sites de Rencontres 2020<\/h6>\n<p>Vous cherchez un site de rencontre en lequel vous pouvez avoir confiance? Alors vous \u00eates \u00e0 la bonne adresse. Nos experts ont test\u00e9 la s\u00e9curit\u00e9, la qualit\u00e9 des profils et les taux de r\u00e9ussite de tous les principaux sites. Vous pouvez voir les r\u00e9sultats ici. Testez les meilleurs sites de rencontre gratuitement! &#8230;<\/p>\n<p>\t\t\t\t\t\t\t\t\t\t\t<a href=\"https:\/\/scoutrencontre.be\/go\/parship-befr\/\" target=\"_blank\" rel=\"noopener noreferrer\"><br \/>\n\t\t\t\t\t\t\t<img decoding=\"async\" src=\"https:\/\/scoutrencontre.be\/wp-content\/uploads\/2019\/03\/parship.png\" title=\"\" alt=\"\" \/>\t\t\t\t\t\t\t\t<\/a><\/p>\n<h2><a href=\"https:\/\/scoutrencontre.be\/go\/parship-befr\/\" target=\"_blank\" rel=\"noopener noreferrer\">Parship<\/a><\/h2>\n<ul>\n<li>Le <strong>Nr.1 site de rencontre<\/strong>\u00a0pour les <b>30+<\/b><\/li>\n<li><strong>1 sur 3<\/strong> trouve un partenaire ici<\/li>\n<li><b>51% Femmes &#8211; 49% Hommes<\/b><\/li>\n<\/ul>\n<h1>9.8 \/ 10<\/h1>\n<h6>Notre Analyse<\/h6>\n<p>\t\t\t\t\t\t<i>&#xE934;<\/i><i>&#xE934;<\/i><i>&#xE934;<\/i><i>&#xE934;<\/i><i>&#xE934;<\/i> 4.9\/5\t\t<\/p>\n<p style=\"text-align: center;\"><strong>Age Id\u00e9al<\/strong><br \/><strong>30+<\/strong><\/p>\n<p>\t\t\t<a href=\"https:\/\/scoutrencontre.be\/go\/parship-befr\/\" target=\"_blank\" role=\"button\" rel=\"noopener noreferrer\"><br \/>\n\t\t\t\t\t\tInscription<br \/>Gratuite<br \/>\n\t\t\t\t\t<\/a><\/p>\n<h6><a href=\"https:\/\/scoutrencontre.be\/go\/parship-befr\/\" target=\"_blank\" rel=\"noopener noreferrer\">Parship >><\/a><\/h6>\n<p>\t\t\t\t\t\t\t\t\t\t\t<a href=\"https:\/\/scoutrencontre.be\/go\/elitedating-befr\/\" target=\"_blank\" rel=\"noopener noreferrer\"><br \/>\n\t\t\t\t\t\t\t<img decoding=\"async\" src=\"https:\/\/scoutrencontre.be\/wp-content\/uploads\/2019\/03\/elite.jpg\" title=\"\" alt=\"\" \/>\t\t\t\t\t\t\t\t<\/a><\/p>\n<h2><a href=\"https:\/\/scoutrencontre.be\/go\/elitedating-befr\/\" target=\"_blank\" rel=\"noopener noreferrer\">Elite Dating<\/a><\/h2>\n<li><strong>Taux de r\u00e9ussite \u00e9lev\u00e9<\/strong><\/li>\n<li>Le choix pour des rencontres\u00a0<strong>&#8216;Premium&#8217;<\/strong><\/li>\n<li><b>50% Femmes &#8211; 50% Hommes<\/b><\/li>\n<li>Chaque semaine, environ 2.500 nouveaux membres<\/li>\n<h1>9.7 \/ 10<\/h1>\n<h6>Notre Analyse<\/h6>\n<p>\t\t\t\t\t\t<i>&#xE934;<\/i><i>&#xE934;<\/i><i>&#xE934;<\/i><i>&#xE934;<\/i><i>&#xE934;<\/i> 4.7\/5\t\t<\/p>\n<p style=\"text-align: center;\"><strong> Age Id\u00e9al<\/strong><br \/><strong>25+<\/strong><\/p>\n<p>\t\t\t<a href=\"https:\/\/scoutrencontre.be\/go\/elitedating-befr\/\" target=\"_blank\" role=\"button\" rel=\"noopener noreferrer\"><br \/>\n\t\t\t\t\t\tInscription<br \/>Gratuite<br \/>\n\t\t\t\t\t<\/a><\/p>\n<h6><a href=\"https:\/\/scoutrencontre.be\/go\/elitedating-befr\/\" target=\"_blank\" rel=\"noopener noreferrer\">Elite Dating >><\/a><\/h6>\n<p>\t\t\t\t\t\t\t\t\t\t\t<a href=\"https:\/\/scoutrencontre.be\/go\/rendez-vous-befr\/\" target=\"_blank\" rel=\"noopener noreferrer\"><br \/>\n\t\t\t\t\t\t\t<img loading=\"lazy\" decoding=\"async\" width=\"150\" height=\"150\" src=\"http:\/\/datingexpert.eu\/wp-content\/uploads\/2020\/07\/rendez-vous_300x300-150x150.jpg\" alt=\"\" srcset=\"http:\/\/datingexpert.eu\/wp-content\/uploads\/2020\/07\/rendez-vous_300x300-150x150.jpg 150w, http:\/\/datingexpert.eu\/wp-content\/uploads\/2020\/07\/rendez-vous_300x300.jpg 300w, http:\/\/datingexpert.eu\/wp-content\/uploads\/2020\/07\/rendez-vous_300x300-80x80.jpg 80w, http:\/\/datingexpert.eu\/wp-content\/uploads\/2020\/07\/rendez-vous_300x300-250x250.jpg 250w, http:\/\/datingexpert.eu\/wp-content\/uploads\/2020\/07\/rendez-vous_300x300-132x133.jpg 132w\" sizes=\"(max-width: 150px) 100vw, 150px\" \/>\t\t\t\t\t\t\t\t<\/a><\/p>\n<h2><a href=\"https:\/\/scoutrencontre.be\/go\/rendez-vous-befr\/\" target=\"_blank\" rel=\"noopener noreferrer\">Rendez-vous<\/a><\/h2>\n<li>Rencontre et amiti\u00e9.<\/li>\n<li>Le plus ancien site de rencontre en Belgique.<\/li>\n<h1>9.2 \/ 10<\/h1>\n<h6>Notre Analyse<\/h6>\n<p>\t\t\t\t\t\t<i>&#xE934;<\/i><i>&#xE934;<\/i><i>&#xE934;<\/i><i>&#xE934;<\/i><i>&#xE934;<\/i> 4.6\/5\t\t<\/p>\n<p style=\"text-align: center;\"><strong> Age Id\u00e9al<\/strong><br \/><strong>20+<\/strong><\/p>\n<p>\t\t\t<a href=\"https:\/\/scoutrencontre.be\/go\/rendez-vous-befr\/\" target=\"_blank\" role=\"button\" rel=\"noopener noreferrer\"><br \/>\n\t\t\t\t\t\tInscription<br \/>Gratuite<br \/>\n\t\t\t\t\t<\/a><\/p>\n<h6><a href=\"https:\/\/scoutrencontre.be\/go\/rendez-vous-befr\/\" target=\"_blank\" rel=\"noopener noreferrer\">Rendez-vous\u200b >><\/a><\/h6>\n<p>\t\t\t\t\t\t\t\t\t\t\t<a href=\"https:\/\/scoutrencontre.be\/go\/be2-befr\/\" target=\"_blank\" rel=\"noopener noreferrer\"><br \/>\n\t\t\t\t\t\t\t<img loading=\"lazy\" decoding=\"async\" width=\"300\" height=\"300\" src=\"http:\/\/datingexpert.eu\/wp-content\/uploads\/2020\/07\/be2_300x300-300x300.png\" alt=\"\" srcset=\"http:\/\/datingexpert.eu\/wp-content\/uploads\/2020\/07\/be2_300x300.png 300w, http:\/\/datingexpert.eu\/wp-content\/uploads\/2020\/07\/be2_300x300-150x150.png 150w, http:\/\/datingexpert.eu\/wp-content\/uploads\/2020\/07\/be2_300x300-80x80.png 80w, http:\/\/datingexpert.eu\/wp-content\/uploads\/2020\/07\/be2_300x300-250x250.png 250w, http:\/\/datingexpert.eu\/wp-content\/uploads\/2020\/07\/be2_300x300-132x133.png 132w\" sizes=\"(max-width: 300px) 100vw, 300px\" \/>\t\t\t\t\t\t\t\t<\/a><\/p>\n<h2><a href=\"https:\/\/scoutrencontre.be\/go\/be2-befr\/\" target=\"_blank\" rel=\"noopener noreferrer\">Be2<\/a><\/h2>\n<li><strong>Des profils de qualit\u00e9<\/strong>\u00a0pour faire des rencontres<\/li>\n<li><strong>Test de personnalit\u00e9<\/strong> scientifique<\/li>\n<li>Le site recherche d\u2019autres c\u00e9libataires qui correspondent \u00e0 votre profil.<\/li>\n<h1>9.1 \/ 10<\/h1>\n<h6>Notre Analyse<\/h6>\n<p>\t\t\t\t\t\t<i>&#xE934;<\/i><i>&#xE934;<\/i><i>&#xE934;<\/i><i>&#xE934;<\/i><i>&#xE934;<\/i> 4.5\/5\t\t<\/p>\n<p style=\"text-align: center;\"><strong> Age Id\u00e9al<\/strong><br \/><strong>25+<\/strong><\/p>\n<p>\t\t\t<a href=\"https:\/\/scoutrencontre.be\/go\/be2-befr\/\" target=\"_blank\" role=\"button\" rel=\"noopener noreferrer\"><br \/>\n\t\t\t\t\t\tInscription<br \/>Gratuite<br \/>\n\t\t\t\t\t<\/a><\/p>\n<h6><a href=\"https:\/\/scoutrencontre.be\/go\/be2-befr\/\" target=\"_blank\" rel=\"noopener noreferrer\">Be2 >><\/a><\/h6>\n<p>\t\t\t\t\t\t\t\t\t\t\t<a href=\"https:\/\/scoutrencontre.be\/go\/parfaitgentleman-befr\/\" target=\"_blank\" rel=\"noopener noreferrer\"><br \/>\n\t\t\t\t\t\t\t<img loading=\"lazy\" decoding=\"async\" width=\"150\" height=\"150\" src=\"http:\/\/datingexpert.eu\/wp-content\/uploads\/2020\/07\/parfait-gentleman_300x300-150x150.png\" alt=\"\" srcset=\"http:\/\/datingexpert.eu\/wp-content\/uploads\/2020\/07\/parfait-gentleman_300x300-150x150.png 150w, http:\/\/datingexpert.eu\/wp-content\/uploads\/2020\/07\/parfait-gentleman_300x300.png 300w, http:\/\/datingexpert.eu\/wp-content\/uploads\/2020\/07\/parfait-gentleman_300x300-80x80.png 80w, http:\/\/datingexpert.eu\/wp-content\/uploads\/2020\/07\/parfait-gentleman_300x300-250x250.png 250w, http:\/\/datingexpert.eu\/wp-content\/uploads\/2020\/07\/parfait-gentleman_300x300-132x133.png 132w\" sizes=\"(max-width: 150px) 100vw, 150px\" \/>\t\t\t\t\t\t\t\t<\/a><\/p>\n<h2><a href=\"https:\/\/scoutrencontre.be\/go\/parfaitgentleman-befr\/\" target=\"_blank\" rel=\"noopener noreferrer\">Parfait Gentleman<\/a><\/h2>\n<li>Rencontrez des c\u00e9libataires cultiv\u00e9s<\/li>\n<li><strong>Des profils de qualit\u00e9<\/strong><\/li>\n<li>Test de personnalit\u00e9<\/li>\n<h1>9.0 \/ 10<\/h1>\n<h6>Notre Analyse<\/h6>\n<p>\t\t\t\t\t\t<i>&#xE934;<\/i><i>&#xE934;<\/i><i>&#xE934;<\/i><i>&#xE934;<\/i><i>&#xE934;<\/i> 4.5\/5\t\t<\/p>\n<p style=\"text-align: center;\"><strong> Age Id\u00e9al<\/strong><br \/><strong>25+<\/strong><\/p>\n<p>\t\t\t<a href=\"https:\/\/scoutrencontre.be\/go\/parfaitgentleman-befr\/\" target=\"_blank\" role=\"button\" rel=\"noopener noreferrer\"><br \/>\n\t\t\t\t\t\tInscription<br \/>Gratuite<br \/>\n\t\t\t\t\t<\/a><\/p>\n<h6><a href=\"https:\/\/scoutrencontre.be\/go\/parfaitgentleman-befr\/\" target=\"_blank\" rel=\"noopener noreferrer\">Parfait Gentleman >><\/a><\/h6>\n<p>\t\t\t\t\t\t\t\t\t\t\t<a href=\"https:\/\/scoutrencontre.be\/go\/meetic-befr\/\" target=\"_blank\" rel=\"noopener noreferrer\"><br \/>\n\t\t\t\t\t\t\t<img loading=\"lazy\" decoding=\"async\" width=\"150\" height=\"150\" src=\"http:\/\/datingexpert.eu\/wp-content\/uploads\/2020\/07\/meetic_300x300-150x150.jpg\" alt=\"\" srcset=\"http:\/\/datingexpert.eu\/wp-content\/uploads\/2020\/07\/meetic_300x300-150x150.jpg 150w, http:\/\/datingexpert.eu\/wp-content\/uploads\/2020\/07\/meetic_300x300.jpg 300w, http:\/\/datingexpert.eu\/wp-content\/uploads\/2020\/07\/meetic_300x300-80x80.jpg 80w, http:\/\/datingexpert.eu\/wp-content\/uploads\/2020\/07\/meetic_300x300-250x250.jpg 250w, http:\/\/datingexpert.eu\/wp-content\/uploads\/2020\/07\/meetic_300x300-132x133.jpg 132w\" sizes=\"(max-width: 150px) 100vw, 150px\" \/>\t\t\t\t\t\t\t\t<\/a><\/p>\n<h2><a href=\"https:\/\/scoutrencontre.be\/go\/meetic-befr\/\" target=\"_blank\" rel=\"noopener noreferrer\">Meetic<\/a><\/h2>\n<li><strong>Chaque jour<\/strong>, de belles histoires commencent sur Meetic<\/li>\n<li><strong>\u00c9v\u00e9nements<\/strong> pr\u00e8s de chez vous<\/li>\n<li>Gr\u00e2ce \u00e0 Meetic, il y a d\u00e9j\u00e0 plus <strong>d&#8217;un million<\/strong> de couples<\/li>\n<li>Flirter, l&#8217;amour et l&#8217;aventure.<\/li>\n<h1>8.8 \/ 10<\/h1>\n<h6>Notre Analyse<\/h6>\n<p>\t\t\t\t\t\t<i>&#xE934;<\/i><i>&#xE934;<\/i><i>&#xE934;<\/i><i>&#xE934;<\/i><i>&#xE934;<\/i> 4.4\/5\t\t<\/p>\n<p style=\"text-align: center;\"><strong> Age Id\u00e9al<\/strong><br \/><strong>25+<\/strong><\/p>\n<p>\t\t\t<a href=\"https:\/\/scoutrencontre.be\/go\/meetic-befr\/\" target=\"_blank\" role=\"button\" rel=\"noopener noreferrer\"><br \/>\n\t\t\t\t\t\tInscription<br \/>Gratuite<br \/>\n\t\t\t\t\t<\/a><\/p>\n<h6><a href=\"https:\/\/scoutrencontre.be\/go\/meetic-befr\/\" target=\"_blank\" rel=\"noopener noreferrer\">Meetic >><\/a><\/h6>\n<p>\t\t\t\t\t\t\t\t\t\t\t<a href=\"https:\/\/scoutrencontre.be\/go\/singles50-befr\/\" target=\"_blank\" rel=\"noopener noreferrer\"><br \/>\n\t\t\t\t\t\t\t<img loading=\"lazy\" decoding=\"async\" width=\"150\" height=\"150\" src=\"http:\/\/datingexpert.eu\/wp-content\/uploads\/2020\/07\/singles50_300x300-150x150.png\" alt=\"\" srcset=\"http:\/\/datingexpert.eu\/wp-content\/uploads\/2020\/07\/singles50_300x300-150x150.png 150w, http:\/\/datingexpert.eu\/wp-content\/uploads\/2020\/07\/singles50_300x300.png 300w, http:\/\/datingexpert.eu\/wp-content\/uploads\/2020\/07\/singles50_300x300-80x80.png 80w, http:\/\/datingexpert.eu\/wp-content\/uploads\/2020\/07\/singles50_300x300-250x250.png 250w, http:\/\/datingexpert.eu\/wp-content\/uploads\/2020\/07\/singles50_300x300-132x133.png 132w\" sizes=\"(max-width: 150px) 100vw, 150px\" \/>\t\t\t\t\t\t\t\t<\/a><\/p>\n<h2><a href=\"https:\/\/scoutrencontre.be\/go\/singles50-befr\/\" target=\"_blank\" rel=\"noopener noreferrer\">Singles50<\/a><\/h2>\n<li><strong>Des profils de qualit\u00e9<\/strong>\u00a0pour faire des rencontres en Belgique<\/li>\n<li>Le site recherche d\u2019autres singles qui correspondent \u00e0 votre profil.<\/li>\n<li>Depuis 10 ans le meilleur site de rencontre pour les personnes de plus de 50 ans<\/li>\n<h1>8.7 \/ 10<\/h1>\n<h6>Notre Analyse<\/h6>\n<p>\t\t\t\t\t\t<i>&#xE934;<\/i><i>&#xE934;<\/i><i>&#xE934;<\/i><i>&#xE934;<\/i><i>&#xE934;<\/i> 4.3\/5\t\t<\/p>\n<p style=\"text-align: center;\"><strong> Age Id\u00e9al<\/strong><br \/><strong>40+<\/strong><\/p>\n<p>\t\t\t<a href=\"https:\/\/scoutrencontre.be\/go\/singles50-befr\/\" target=\"_blank\" role=\"button\" rel=\"noopener noreferrer\"><br \/>\n\t\t\t\t\t\tInscription<br \/>Gratuite<br \/>\n\t\t\t\t\t<\/a><\/p>\n<h6><a href=\"https:\/\/scoutrencontre.be\/go\/singles50-befr\/\" target=\"_blank\" rel=\"noopener noreferrer\">Singles50 >><\/a><\/h6>\n<p>\t\t\t\t\t\t\t\t\t\t\t<a href=\"https:\/\/scoutrencontre.be\/go\/singles50-befr\/\" target=\"_blank\" rel=\"noopener noreferrer\"><br \/>\n\t\t\t\t\t\t\t<img loading=\"lazy\" decoding=\"async\" width=\"150\" height=\"150\" src=\"http:\/\/datingexpert.eu\/wp-content\/uploads\/2020\/07\/50plusmatch_300x300-150x150.png\" alt=\"\" srcset=\"http:\/\/datingexpert.eu\/wp-content\/uploads\/2020\/07\/50plusmatch_300x300-150x150.png 150w, http:\/\/datingexpert.eu\/wp-content\/uploads\/2020\/07\/50plusmatch_300x300.png 300w, http:\/\/datingexpert.eu\/wp-content\/uploads\/2020\/07\/50plusmatch_300x300-80x80.png 80w, http:\/\/datingexpert.eu\/wp-content\/uploads\/2020\/07\/50plusmatch_300x300-250x250.png 250w, http:\/\/datingexpert.eu\/wp-content\/uploads\/2020\/07\/50plusmatch_300x300-132x133.png 132w\" sizes=\"(max-width: 150px) 100vw, 150px\" \/>\t\t\t\t\t\t\t\t<\/a><\/p>\n<h2><a href=\"https:\/\/scoutrencontre.be\/go\/50plusmatch-befr\/\" target=\"_blank\" rel=\"noopener noreferrer\">50plusmatch<\/a><\/h2>\n<li>Site pour l&#8217;amiti\u00e9 et l&#8217;amour.<\/li>\n<li>Trouver d&#8217;autres c\u00e9libataires \u00e0 la recherche d&#8217;amour<\/li>\n<h1>7.4 \/ 10<\/h1>\n<h6>Notre Analyse<\/h6>\n<p>\t\t\t\t\t\t<i>&#xE934;<\/i><i>&#xE934;<\/i><i>&#xE934;<\/i><i>&#xE934;<\/i><i>&#xE934;<\/i> 3.7\/5\t\t<\/p>\n<p style=\"text-align: center;\"><strong> Age Id\u00e9al<\/strong><br \/><strong>50+<\/strong><\/p>\n<p>\t\t\t<a href=\"https:\/\/scoutrencontre.be\/go\/50plusmatch-befr\/\" target=\"_blank\" role=\"button\" rel=\"noopener noreferrer\"><br \/>\n\t\t\t\t\t\tInscription<br \/>Gratuite<br \/>\n\t\t\t\t\t<\/a><\/p>\n<h6><a href=\"https:\/\/scoutrencontre.be\/go\/50plusmatch-befr\/\" target=\"_blank\" rel=\"noopener noreferrer\">50plusmatch >><\/a><\/h6>\n<p>Sur le web, il y a un nombre important de sites de rencontre s\u00e9rieux qui vous permettent d\u2019effectuer des rencontres amoureuses. C\u2019est \u00e0 vous de faire le meilleur choix selon vos attentes. Vous vous dirigerez certainement vers l\u2019un des g\u00e9ants du march\u00e9. Ces sites offre une grande palette de profils et une gigantesque base de donn\u00e9es depuis de nombreuses ann\u00e9es.<\/p>\n<p>Toujours c\u00e9libataire en 2019? Il est temps pour vous de vous inscrire \u00e0 un site de rencontre s\u00e9rieux \u279c voici notre comparatif des meilleurs sites de rencontre en ligne! D\u00e9j\u00e0 que la perle rare est compliqu\u00e9e \u00e0 trouver dans la vraie vie, alors imaginez sur l&#8217;internet! Ainsi, voil\u00e0 pourquoi il vaut mieux opter pour ce type de site.Qu\u2019est ce qu\u2019un site s\u00e9rieux? C\u2019est un site qui s\u2019attarde avant tout sur ses membres et non pas sur la revente de donn\u00e9es. Il vaut mieux opter pour un site de rencontre qui poss\u00e8de des profils r\u00e9els.<\/p>\n<p>Choisissez le meilleur site de rencontre afin de rechercher avec succ\u00e8s l&#8217;homme ou la femme de vos r\u00eaves. Vous pouvez filtrer les sites en fonction de vos pr\u00e9f\u00e9rences personnelles et trouver rapidement ceux qui r\u00e9pondent le mieux \u00e0 vos besoins sp\u00e9cifiques. Lorsque vous utilisez le bon site de rencontre en ligne, vous trouverez un nouveau partenaire rapidement et en toute s\u00e9curit\u00e9.<\/p>\n","protected":false},"excerpt":{"rendered":"<p>Site Rencontre Top 10 en Belgique Les meilleurs Sites de Rencontres 2020 Vous cherchez un site de rencontre en lequel vous pouvez avoir confiance? Alors vous \u00eates \u00e0 la bonne adresse. Nos experts ont test\u00e9 la s\u00e9curit\u00e9, la qualit\u00e9 des profils et les taux de r\u00e9ussite de tous les principaux sites. Vous pouvez voir les [&hellip;]<\/p>\n","protected":false},"author":1,"featured_media":0,"parent":0,"menu_order":0,"comment_status":"closed","ping_status":"closed","template":"elementor_header_footer","meta":{"footnotes":""},"_links":{"self":[{"href":"https:\/\/datingexpert.eu\/frbe\/wp-json\/wp\/v2\/pages\/43055"}],"collection":[{"href":"https:\/\/datingexpert.eu\/frbe\/wp-json\/wp\/v2\/pages"}],"about":[{"href":"https:\/\/datingexpert.eu\/frbe\/wp-json\/wp\/v2\/types\/page"}],"author":[{"embeddable":true,"href":"https:\/\/datingexpert.eu\/frbe\/wp-json\/wp\/v2\/users\/1"}],"replies":[{"embeddable":true,"href":"https:\/\/datingexpert.eu\/frbe\/wp-json\/wp\/v2\/comments?post=43055"}],"version-history":[{"count":5,"href":"https:\/\/datingexpert.eu\/frbe\/wp-json\/wp\/v2\/pages\/43055\/revisions"}],"predecessor-version":[{"id":45833,"href":"https:\/\/datingexpert.eu\/frbe\/wp-json\/wp\/v2\/pages\/43055\/revisions\/45833"}],"wp:attachment":[{"href":"https:\/\/datingexpert.eu\/frbe\/wp-json\/wp\/v2\/media?parent=43055"}],"curies":[{"name":"wp","href":"https:\/\/api.w.org\/{rel}","templated":true}]}}